by q(k).
8
What is the remainder when 122 is divided by (-756)/(-56)*10/3?
32
Let u(k) = k**2 + 9*k + 23. What is the remainder when 43 is divided by u(-7)?
7
Suppose -19*c = -17*c - 430. What is the remainder when c is divided by 31?
29
Suppose -2*s - 4 = -s, -2*g + 3*s + 170 = 0. Let b(i) = i**3 - 9*i**2 - 5*i + 1. Let d be b(9). Let u = d - -60. Calculate the remainder when g is divided by u.
15
Let y(l) = 29*l - 36. Calculate the remainder when 104 is divided by y(2).
16
Let c(i) = 5*i - 16. What is the remainder when c(14) is divided by 11?
10
Let l(k) = 4*k + 31. Let y be ((-16)/24)/((-2)/255). Let b = 122 - y. What is the remainder when b is divided by l(-3)?
18
Suppose -118 = -4*r + j + 192, -312 = -4*r + 2*j. Suppose 4*q = -3 - 17, z = -4*q. What is the remainder when r is divided by z?
17
Suppose 79 + 641 = 18*q. Calculate the remainder when 106 is divided by q.
26
Let d(y) = -12*y - 2. Let j = -5 - 2. What is the remainder when d(j) is divided by 42*(10/(-3) + (-16)/(-4))?
26
Let m(x) = 2*x**2 + x - 85. Calculate the remainder when 19 is divided by m(-7).
1
Let a = 27 - 19. Let k = -63 + 92. Suppose j + k = 2*j. What is the remainder when j is divided by a?
5
Let q = -708 + 721. Calculate the remainder when 180 is divided by q.
11
Suppose w = -4*z + 55, -31*w + 74 = 5*z - 28*w. Let u(b) = -3*b**3 + 2*b**2 + 2*b + 1. What is the remainder when z is divided by u(-1)?
1
Suppose 2*q = -3*i - 2*q + 338, 0 = 5*i - q - 548. Let o = 326 + -298. Calculate the remainder when i is divided by o.
26
Let w be (0 - -2)*(-2 - -3). Suppose v + 28 = 3*d + w*v, 2*d - 2*v = 32. What is the remainder when d is divided by 7?
4
Suppose 0 = -15*y - 23 - 7. Let q(d) = -112*d - 5. Calculate the remainder when q(y) is divided by 37.
34
Let l(r) = 4*r + 11. Let p be l(15). Suppose -2*o - 2*c = -33 + 3, 5*o - p = -3*c. Calculate the remainder when 37 is divided by o.
11
What is the remainder when 67 is divided by (-10)/3*(-780)/100 + 2?
11
Suppose 25*f + 2 = 23*f, 6*f - 182 = -2*w. What is the remainder when 653 is divided by w?
89
Let b = -39 - -41. Calculate the remainder when b/((-384)/129 - -3) is divided by 29.
28
Suppose 10*p - 26 = 4. What is the remainder when 37 is divided by (-24)/(-8)*(0 + 14/p)?
9
Let z = -21 - -35. Let w = -14 + z. Suppose -5*j + 3*j + 76 = w. What is the remainder when j is divided by 13?
12
Suppose -t + 33 = -2*f, 8*t - 10*t + 2*f = -74. Suppose -b + 2 + 6 = -2*k, 3*k = -6. Suppose z = -b*z + 75. What is the remainder when t is divided by z?
11
Let y(x) = 7*x + 1. Suppose -a + 6 = 4*d, 0*a + 2*a - 2 = 2*d. What is the remainder when 58 is divided by y(a)?
13
Let j(a) be the second derivative of a**5/20 + 4*a**4/3 + 9*a**2 - 23*a. Let d = 163 + -112. What is the remainder when d is divided by j(-16)?
15
Let s(y) = -y**3 - 6*y**2 - 4*y. Suppose -77*u - 1449 = -98*u. Calculate the remainder when u is divided by s(-6).
21
Suppose 21 = 197*o - 190*o. Let s = 4 - 1. Suppose 0 = 4*m - s*c - 219, -64 = -m + o*c - 7. What is the remainder when m is divided by 14?
12
Let x be (4/1 + -3)*723 + 2. Suppose -3*o = y - x, -3*y = -4*o - y + 980. What is the remainder when o is divided by 35?
33
Suppose -2*q = -5*v + 336, 3*v - 64 = 4*q + 132. Calculate the remainder when v is divided by 22.
2
Suppose 20 - 5 = 3*t. Let a be -4 + (56 - (-4 + 2)). Let f = a - 36. What is the remainder when f is divided by t?
3
Let r(d) = -d**3 + 2*d**2 - 6*d + 94. Calculate the remainder when r(0) is divided by 8.
6
Suppose 4*p = 5*a - 0*a + 371, 7*p - 708 = -3*a. Calculate the remainder when p is divided by 51.
48
Let s(p) = 2*p + 52. Calculate the remainder when s(26) is divided by 16.
8
Let c = -93 - -102. Let a = 26 - -16. Calculate the remainder when a is divided by c.
6
Let r(t) = -25 - 5 + 5*t + 6. Calculate the remainder when r(8) is divided by 9.
7
Suppose -5*w = -4*n + 160, -w - 115 = -3*n + 4*w. Calculate the remainder when n is divided by 8.
5
Suppose -5*i = -5*m - 225, -2*i - m = -4*m - 86. Calculate the remainder when i is divided by 18.
13
Suppose 4*n = -5*j + 497, j - 2*n - 159 + 54 = 0. What is the remainder when j is divided by (525/(-6))/5*(-7 - -5)?
31
What is the remainder when 47 - 0 - (3 + -9) is divided by 46?
7
Suppose 10 = -5*x - 5*u - 0, -3*u = -4*x + 27. Let d = 33 + -19. What is the remainder when d is divided by x?
2
Suppose -3*a = 2*x + 71, -x + 37 = -2*x - 3*a. Let t = x + 53. What is the remainder when t is divided by 5?
4
Suppose 2444 - 8708 = -27*d. Calculate the remainder when d is divided by 221.
11
Let z(v) = -2*v - 46. Let q be z(-19). Suppose -2*c - 2*g + 3 + 9 = 0, 0 = 5*c - 5*g - 20. Calculate the remainder when (18/q)/(4/(-16)) is divided by c.
4
Let p(x) = -x**2 - 20*x + 54. Calculate the remainder when 36 is divided by p(-22).
6
Suppose -u + 5*t = -0*t - 14, -2*u + 5*t + 23 = 0. Suppose -6 = -3*o - 3*o. Calculate the remainder when o/(-2) + 265/10 is divided by u.
8
Calculate the remainder when 18 is divided by (333/(-21))/(-3) - 18/63.
3
Let t be (2 - -3)*2/(-5). Let x(d) = 2*d**2 + 2*d + 2. Let q = -397 + 414. What is the remainder when q is divided by x(t)?
5
What is the remainder when 54 is divided by (408/85)/((-3)/((-45)/6))?
6
Suppose 3*y - 4*k - 359 = 0, -258 = -4*y - 4*k + 258. Calculate the remainder when y is divided by 36.
17
Suppose -b + 0*r + 19 = 2*r, 0 = -b + 2*r + 31. What is the remainder when 97 is divided by b?
22
Let o = 219 - 131. Let l = -66 + o. What is the remainder when l is divided by 5?
2
Suppose -16 - 23 = -c. Calculate the remainder when c is divided by (8/(-10))/(-4) - (-102)/15.
4
Suppose c - 41 = 29. Calculate the remainder when 83 is divided by c.
13
Suppose 24*x - 22*x = -8, 0 = -3*z - 2*x + 1. Calculate the remainder when 82 is divided by z.
1
Let l = 73 + -50. Let z = 30 - l. Calculate the remainder when z is divided by 7.
0
Suppose g + b - 36 = 15, -3*g = -4*b - 167. What is the remainder when g is divided by 27?
26
Let s(u) = -121*u**3 + 3*u**2 - 4*u + 6. Let d be s(2). What is the remainder when 2/(-9) + d/(-18) is divided by 11?
9
Suppose 0 = -4*l + 3*q + 53, 3*l + 2*q + 28 = 5*l. Let d = 13 + l. Calculate the remainder when 95 is divided by d.
23
Let t = 19 - -8. Let k be 3222/13 - ((-532)/(-91) + -6). Let p = k - 170. What is the remainder when p is divided by t?
24
Suppose -5 = u + 5*c - 41, 119 = 3*u + 4*c. Let l = 14 - 7. Calculate the remainder when u is divided by l.
6
Let c = 19 - 14. Suppose 3*f = -c*u + 1, 3*u + 2 = -3*f - 1. What is the remainder when u is divided by 2?
0
Let o be (-30)/(3/1) - -1. Let b(r) = -r**2 - 13*r - 19. Calculate the remainder when 80 is divided by b(o).
12
Suppose -5*h - 69 = 6. Let l = 69 + h. Calculate the remainder when l is divided by 14.
12
Let g(x) = -16*x + 110. Calculate the remainder when g(0) is divided by 28.
26
Suppose -3*k + 7 = 5*m - 18, m - 5 = -2*k. Suppose -5*q - m - 5 = 0. What is the remainder when (102/(-4))/(q/4) is divided by 13?
12
Suppose 3*v = -m + 116 + 65, 0 = -v - 5*m + 79. Suppose -6*y + 77 = 5. What is the remainder when v is divided by y?
11
Calculate the remainder when 1594 + 12 - (5 + 2) is divided by 25.
24
Suppose -7*i - 17*i = -4440. Calculate the remainder when i is divided by 32.
25
Suppose -3*k + 15 = 2*k. Suppose 0 = -3*m, -6*m + 10 = 5*g - m. Let f = g + k. What is the remainder when 5 is divided by f?
0
Let y(d) = -d**3 - 8*d**2 + 14*d - 6. Let v be y(-10). What is the remainder when (-56)/(-21)*v/4 is divided by 19?
17
Suppose 4*j + 16 - 76 = 0. Let w be (-9 + 7)*(-5)/(-2)*-11. Let c = w + -51. What is the remainder when j is divided by c?
3
Calculate the remainder when 47 is divided by ((-29)/1)/(6 + -7).
18
Suppose -3*v = -0*v - 18. Let u = -18 - -13. Let o(h) = -9*h - 25. What is the remainder when o(u) is divided by v?
2
Suppose -2*z - 2*q + 4 = 0, 0*z - 4*z - 2*q = -14. Suppose -42 - 28 = -z*k. What is the remainder when 124 is divided by k?
12
Suppose -4*l = -m - 390 - 77, 3*l = 5*m + 329. Calculate the remainder when 218 is divided by l.
100
Suppose 0 = 2*w - 0 - 6. Suppose w*p - 66 = k, k - 34 = -2*p + 5*k. What is the remainder when p is divided by 56/4 + 21 + -26?
5
Let i = 27 - 20. Let w(g) = 3*g**2 - 17*g - 11. What is the remainder when w(i) is divided by 6?
5
Let m be 8/44 - (-290)/(